of m?
23
Let q = 7 + 57. List the prime factors of q.
2
Suppose 5*y + 2 - 977 = g, 2*y - 3*g - 403 = 0. What are the prime factors of y?
2, 97
Suppose f = 4*u + 15, f - 5*u + 0*u = 18. List the prime factors of 1 - (-2 - (f - 3)).
3
Suppose 0 = 4*a - 9 + 1. Suppose 3*g - a*g = 17. What are the prime factors of g?
17
Let y(k) = -k + 4. Let m be y(3). Let u(x) be the third derivative of x**5/6 + x**4/12 - x**3/6 + x**2. List the prime factors of u(m).
11
Suppose 4*x - 183 = -23. Suppose -4*z + 20 = 0, -2*r + 7*r - z = x. What are the prime factors of r?
3
Suppose 6*o = -3*u + o + 11, 2*o = u. Suppose 0 = 3*i + 6, 4*i = u*x + 3*i - 2. Suppose x*w = 5*w - 55. List the prime factors of w.
11
Let i = 125 + -12. What are the prime factors of i?
113
Suppose -3*d + 457 = -j, -2*d + 132 + 154 = 4*j. What are the prime factors of d?
151
Let z be ((-6)/(-10))/((-3)/15). Let f = 5 + z. Suppose 3*c + f = 4*c. What are the prime factors of c?
2
Let z(i) = 5*i - 21. List the prime factors of z(5).
2
Let u = -3 - 0. Let q be 1/(u/(-7*3)). Let s = 17 - q. List the prime factors of s.
2, 5
Let d(m) = 12*m - 8. Let j(h) = -3*h + 2. Let p(o) = 2*d(o) + 9*j(o). Let a(g) = -g**3 + 9*g**2 - 2. Let r be a(9). List the prime factors of p(r).
2
Suppose -2*r - 4 = -0*r. Let h be (-1)/(11/6 + -2). Let l = h + r. What are the prime factors of l?
2
Suppose 3*p - 36 = 30. What are the prime factors of p?
2, 11
List the prime factors of (-99)/(-6)*(-4)/18*-51.
11, 17
Suppose -3*w + 36 = 21. What are the prime factors of w?
5
Let y(a) = -2 + 2*a - a**3 - 3*a**2 + 0 + 1. Let u = -7 + 3. What are the prime factors of y(u)?
7
Let z be (-43)/7 - 2/(-14). Let t = 26 + z. List the prime factors of t.
2, 5
Suppose 3*i - 19 = 155. What are the prime factors of i?
2, 29
Suppose -17*v = -12*v - 185. List the prime factors of v.
37
Let n(u) = u + 3. Let v be n(-3). Suppose 4*s + v*s - 12 = 0. Suppose -d - s = -13. What are the prime factors of d?
2, 5
Suppose 7*t - 219 = 2*t - 3*l, -41 = -t - 2*l. List the prime factors of t.
3, 5
Let y be ((-2)/(-4))/(3/12). Suppose 0 = -0*z - y*z + 4. List the prime factors of z.
2
Let c be 14/35 + 2/(-5). Suppose 5*q = 130 - c. What are the prime factors of q?
2, 13
Suppose 0 = -4*i - 38 + 10. Let w = i + 13. List the prime factors of w.
2, 3
Let h = -9 - -15. Let u = -4 + h. Suppose -u*y = -5*o + 13, -3*o - 4*y + 3*y = -10. What are the prime factors of o?
3
Suppose 21 = 4*l - l. List the prime factors of l.
7
Let r(w) = -w**3 - 24*w**2 - 3*w + 59. List the prime factors of r(-24).
131
Suppose 4*m = x + 78, 74 = m + 3*m + x. Suppose -p + 5 = 4*p. Let a = p + m. List the prime factors of a.
2, 5
Let v = -8 + 11. Let l(p) be the second derivative of p**4/4 - p**3/3 - p**2 + 7*p. What are the prime factors of l(v)?
19
Let u(i) = -5*i**2 - 1. Let c be u(-1). Let o be 1*3/(c/40). What are the prime factors of (o/(-16))/((-2)/(-8))?
5
Suppose -3*z = z - 12. Suppose h = 5*t + 3*h - 238, z*t - 2*h - 146 = 0. Suppose 4*y + 0 = t. List the prime factors of y.
2, 3
Suppose -u = -4*v - 8, -4*u + 4 = -5*v + 5. Let z be (-3 + 24)/(-3)*u. Suppose 0 = 5*d - 4*r - z, 5*r - 55 = -5*d - 0*r. What are the prime factors of d?
2
Let h = 43 + -1. What are the prime factors of h?
2, 3, 7
Suppose -27 = -6*o + 741. Suppose 5*w - o = r - 2*r, 0 = 5*w - 5*r - 140. List the prime factors of w.
2, 13
Let z(d) = 2*d - 9 + 8*d**2 + 0 - d**3 - 2*d**2. Let m be z(6). What are the prime factors of m*1*(-95)/(-15)?
19
Let d be 0/(-2) + 0 + 67. Suppose l + 3*j - 24 = -2*l, 4*j = 5*l - d. Suppose -q + l = -0*q. What are the prime factors of q?
11
Suppose -y + 43 = -m, 3*y + m = -2*y + 209. Suppose -3*u = 3*s - 0*s - y, 2*u = -8. List the prime factors of s.
2, 3
Let g be 30/(-8) + 2/(-8). Let u = g - -6. Suppose 2*v + u*v = 48. List the prime factors of v.
2, 3
List the prime factors of (3 - 10/2) + 61.
59
Let z(m) = 40*m**2 - 4*m. Let w be z(-2). Suppose -4*k = 2*k - w. List the prime factors of k.
2, 7
Let c(b) = b**2 + 5*b - 1. Suppose -5*n = -0*n - f + 21, 4*n = -5*f - 11. Let s be c(n). Let k = 14 + s. What are the prime factors of k?
3
Suppose -2*n + 42 = 10. Let f be ((-117)/6)/((-6)/n). Suppose 3*k - f = -1. List the prime factors of k.
17
Suppose 3*s - 4*s = -65. List the prime factors of s.
5, 13
Let c = 35 + -27. What are the prime factors of c?
2
Let m(g) = -g**3 - 6*g**2 + 6*g - 8. List the prime factors of m(-8).
2, 3
Let u(j) = j + 4. Let v be u(5). Let a be (3*1)/(v/(-12)). Let r(w) = w**2 + 2*w - 5. What are the prime factors of r(a)?
3
What are the prime factors of (98/(-6))/(-7 - 416/(-60))?
5, 7
Let j = -23 - -14. What are the prime factors of ((-2)/2)/(1/j)?
3
Let r = 4 + -7. Let n be 0 + -2 - (-16)/(-2). Let l = r - n. List the prime factors of l.
7
Let w = 94 + -72. What are the prime factors of w?
2, 11
Let y(q) = q - 4. Let g be y(4). Suppose g = m - 0*m - 3. What are the prime factors of m?
3
Suppose n + p - 2*p = -3, -5*n - 45 = p. List the prime factors of (-3)/(-2)*(n + 12).
2, 3
Let n(i) = i + 1. Let u be n(-5). Suppose 0 = -4*q + 22 - 2, -3*v - 4*q = 1. What are the prime factors of (-16)/v - u/(-14)?
2
Suppose 13*j - 34 - 5 = 0. What are the prime factors of j?
3
Let r(o) = -13*o. Let p be (-2)/(-6) - 35/15. Let h be p/3*15/10. What are the prime factors of r(h)?
13
Let g be (12 - 2) + 1 + -3. Let x = 0 - g. Let k = 11 + x. What are the prime factors of k?
3
Let n(j) = -5*j**2 - 15. Let h(u) = -6*u**2 - 15. Let b(l) = 6*h(l) - 7*n(l). List the prime factors of b(0).
3, 5
Let c(w) = w**2 + 6*w - 6. What are the prime factors of c(-9)?
3, 7
Suppose 2*l = 80 - 0. What are the prime factors of l?
2, 5
Let b = -1 + 3. Suppose -w + 5 = -b. Let d = -1 + w. List the prime factors of d.
2, 3
List the prime factors of (3/(-3))/(2/(-30)).
3, 5
Suppose -3*m = 35 - 95. What are the prime factors of m?
2, 5
Let u(q) = q - 7. Let z be u(8). Suppose 2*p = 2*t - 2, -2*p + 5 = t + z. Suppose -6 = 3*c, -2*c - 2 = k + t*c. List the prime factors of k.
2, 3
Suppose -3*k - 24 = -4*k. List the prime factors of k.
2, 3
Suppose 2*b - 56 = -3*o, 2*o - o - b = 22. Suppose 0*w = -4*w + o. What are the prime factors of w?
5
List the prime factors of (-198)/(-44)*40/6.
2, 3, 5
Let j(s) = -s**2 - s + 6. Suppose -5*d + 6 = -4. Suppose 0*v - d*v = 0. List the prime factors of j(v).
2, 3
What are the prime factors of -19*(-3)/(-2)*-2?
3, 19
Let p(m) be the second derivative of 0 - 1/2*m**2 + 1/3*m**3 + 1/3*m**4 + m. List the prime factors of p(-2).
11
Let y = 1 + 1. Suppose 24 = y*o + n, -4*n = o - 12 - 0. List the prime factors of o.
2, 3
Let p = 21 + -9. What are the prime factors of p?
2, 3
Suppose 0 = -2*k - 4*j - 0*j + 14, 0 = -4*k + 2*j + 38. What are the prime factors of k?
3
Let l(y) be the third derivative of y**6/120 + y**5/15 - y**4/8 - y**3/2 - 4*y**2. List the prime factors of l(-4).
3
Suppose -3 = -d - 17. Let g be (-26 + -2)/(-4) + 3 + -2. Let b = g - d. List the prime factors of b.
2, 11
Suppose 4*h + 31 = 5*w - 91, -5*w + 3*h = -119. What are the prime factors of w?
2, 11
List the prime factors of (-1 + -2)*(-3 + -12) - 1.
2, 11
Let o be (1 - 0)/(1/4). Suppose -o - 21 = -r - 4*g, -5*r + 4*g + 53 = 0. List the prime factors of r.
13
Let t = -5 - -71. Suppose t = 5*c - 29. List the prime factors of c.
19
Suppose -4*h + 8 = -8*h. Let p be h + (-1 + -21)/(-2). Let m = p + -4. What are the prime factors of m?
5
List the prime factors of (-16)/32 + 42/4.
2, 5
Suppose -5*q + 0*q + 45 = -4*t, 5*t = 3*q - 40. Suppose 4*w - 95 = w + q*a, 0 = 2*w - 3*a - 65. List the prime factors of w.
2, 5
Suppose 0 = 3*t - 2*t - 1, -l + 4 = 2*t. Suppose -l*j = -3*j + 14. List the prime factors of j.
2, 7
List the prime factors of 7/((-63)/(-6))*9.
2, 3
Let z(u) be the first derivative of 2*u**3/3 + 3*u**2/2 + 5*u - 2. Let o be z(-6). Suppose 3*w + w + 5*c = o, -4*w - 3*c = -53. What are the prime factors of w?
11
Let k = 1 - -1. Suppose t = -k*t + 12. Suppose 4*g + 2*z - 28 = 0, 0 = 2*g - 5*z - t - 10. What are the prime factors of g?
7
Let q(t) = t**2 + 3*t - 2. What are the prime factors of q(-7)?
2, 13
Suppose 2*v = 6, -4*m + 3*v + 35 = -2*m. List the prime factors of m.
2, 11
Suppose 3*l + 100 = 400. What are the prime factors of l?
2, 5
Let t = -5 - -8. Let g(v) = -v - 3*v**3 + 4*v**t - 